 + w. What is the units digit of j?
6
Let f be 1 - 5/(-2)*12. Let v = f + -15. What is the tens digit of v*6*(-3)/(-24)?
1
Let s = -65 + 157. What is the units digit of s?
2
Let u(w) be the first derivative of 5*w**2 - 6*w + 7. What is the tens digit of u(5)?
4
Suppose 0*m = 4*m - 8. Suppose 0 = -2*s - 4*z + 2*z - 12, 0 = -m*s - 3*z - 8. What is the units digit of -1 - 2/(-2) - s?
0
Let w be 0 + (-2)/(-2 + 1). Let s(c) = 4*c**2 - 3*c + 1. What is the tens digit of s(w)?
1
Suppose 2*f - 53 = f. What is the tens digit of f?
5
Let q be (-2)/(2*(-1)/10). Suppose 5*v - 19 = -2*i + q, -2*i + 4*v = -74. What is the tens digit of i?
2
Let k(i) = 3*i**2 + i - 2*i + 2 + 2*i. What is the units digit of k(-2)?
2
Let f(i) = i - 6. Let u be f(3). Let p = u + 6. Suppose 0*w + p*w - 9 = 0. What is the units digit of w?
3
Suppose -18 = -n - 3*z - 3, -4*z + 20 = 3*n. Suppose n = -3*j + 5*f + 3 + 37, 0 = -4*j - 4*f. Suppose j + 16 = 3*o. What is the units digit of o?
7
Let l(a) = -a**3 - 2*a**2 + 7*a + 3. Let g be l(-5). Let o be g/2 + 3/2. What is the units digit of 4/(-8) - o/(-2)?
1
Suppose d + 0*i - 11 = -4*i, -13 = 5*d + 3*i. What is the tens digit of 1/d - (-768)/40?
1
Suppose -2*s - 20 = 3*q, 3 = -3*s - 0. Let p(u) = -2. Let m(h) = h - 1. Let n(x) = -3*m(x) + 4*p(x). What is the units digit of n(q)?
3
Suppose 3*z - 5 = 130. Suppose -h = 4*h - z. What is the units digit of h?
9
Suppose 2*x + 2*x = 0. Suppose -5*j + 19 = g, -j + x = 3*g - 15. Suppose 0 = g*t + 8 - 28. What is the units digit of t?
5
Let x be (-6)/3*(1 + 2). Let o(m) = -m**2 - 9*m + 8. What is the tens digit of o(x)?
2
Let k be 2/((-2)/(-7)) - -1. Let r(p) = 2*p - 10. Let q be r(k). Suppose -4 = -2*w - i, -4*w - 3*i + q = -0. What is the units digit of w?
3
Let l(x) = x**2 + 4*x. Let p be l(-4). Suppose b + 2*b = p. Suppose b*m + 8 = m. What is the units digit of m?
8
Suppose r - 1542 = -5*r. Suppose b = f - 6*f + r, -199 = -4*f - 3*b. What is the tens digit of f?
5
Let x = 2 - 5. What is the units digit of 4/(38/(-14) - x)?
4
Let x be -1 + 3/(3 + 0). What is the units digit of -2 - (x - 1)*3?
1
Suppose 0 = k - 0*k - 1. Let o be (3/(-3))/(k/6). Let c = 5 - o. What is the tens digit of c?
1
Let c = 1 - -2. Suppose 0 = a - 3*u + 11, 5*a + 4*u - 28 = c*a. What is the units digit of a?
4
Let c(x) be the first derivative of 3*x**4/2 + x**3/3 - x + 3. Let p be c(1). Suppose 0 = -2*m + m + p. What is the units digit of m?
6
Let o(v) = -v**3 - 5*v**2 - v - 7. Let d be o(-6). Suppose 4*b + 0*c + c - 3 = 0, -5*b = -5*c - d. Suppose -b = n - 11. What is the units digit of n?
9
Let g be ((-312)/32)/((-1)/4). Let z = g + -22. What is the units digit of z?
7
Suppose -3*o + 10 = 1, -2*c + 2*o = 2. Suppose -4*t + 57 = 5*y, 4*t + y - 35 = c. What is the units digit of t?
8
Let c(b) = b - 2. Let w be c(2). Suppose w*k + 3*k + 2*u - 78 = 0, 5*u + 130 = 5*k. What is the units digit of k?
6
Let v = -3 - 6. Let x = -4 - v. What is the units digit of x?
5
Suppose -y + 11 = 2*n, 0 = 6*y - 4*y + 5*n - 19. Suppose y = -4*r - 23. What is the units digit of (16/r)/((-6)/30)?
8
Let j be (1 - 1)*3/6. Suppose 5*n - 61 - 4 = j. What is the units digit of n?
3
What is the units digit of 0/(-1) + -2 + 7?
5
Let w(c) = 84*c - 4. What is the tens digit of w(1)?
8
Suppose 23 = 5*r + 3*w, 25 = 5*r - w + 6. Suppose -r*u + 0 = -4. What is the units digit of u?
1
Let f(p) = p**3 - 2*p**2 + 3*p - 2. Let u be f(2). What is the tens digit of 15 + u/(12/(-9))?
1
Let j(c) = -4*c - 13. What is the tens digit of j(-11)?
3
Suppose 6*j - 5*q = 3*j + 19, -q - 8 = -2*j. Suppose j = g - 0*m - 2*m, 0 = 2*g + 4*m + 26. Let d = 8 + g. What is the units digit of d?
3
What is the units digit of ((-4)/1 - -101) + -4?
3
Suppose l = -l - 30. What is the units digit of (l/3)/((-4)/32)?
0
Let x be 3 + -3 - 1*-2. Let d = 7 - x. Suppose 0 = -d*y - f, -y - 1 = -3*f - 17. What is the units digit of y?
1
Suppose -5*d = -2*h - 45, 5*h - 9 + 62 = 4*d. Let t = d - 5. Suppose 0 = t*c - c - 12. What is the units digit of c?
2
Let b = 4 - 7. Let l(a) = -9*a - 4. Let h be l(b). Let o = h + -10. What is the units digit of o?
3
Let g(s) = -s + 10. Let l be g(0). Suppose -v + 48 - l = 0. What is the units digit of v/8 - (-1)/4?
5
What is the tens digit of 3*13/((-13)/(-6))?
1
Suppose -3*c + 4*g = 3*g - 40, -4*c + g = -52. What is the units digit of c?
2
Let k(u) = -u + 1. Let h be k(5). Let w(a) = -3*a + 9. What is the tens digit of w(h)?
2
Let c(x) = -x**2 + 5*x + 6. Let z be c(6). Let v be 2 - (z/(-3) + -2). Suppose -v*r + 1 = -35. What is the units digit of r?
9
What is the units digit of -2 + 1 - -80 - (7 - 8)?
0
Suppose 0 = -4*s + 10 + 26. Suppose -d = -4*d - s, -4*m + d + 59 = 0. What is the units digit of m?
4
Let a = -4 + 3. Let x be (8/20)/(a/5). What is the units digit of ((-4)/x - -8) + -1?
9
Suppose 4*t - t + 30 = 5*y, 5*t = 2*y + 7. Let m = y + -1. What is the units digit of m?
8
Let v(f) = f**3 + 4*f**2 - f - 1. Let b be v(-4). Suppose -b*u - d + 24 = -5, -3*d - 33 = -3*u. Let n(a) = 2*a - 14. What is the units digit of n(u)?
6
Let q(z) = z**2 - 3*z - 3. Let j = 7 + -3. Suppose 0 = -0*l + 2*l + j. What is the units digit of q(l)?
7
Let d be -2*3/((-6)/4). Suppose 6*k - 36 = 2*k - d*f, 2*f + 8 = 0. What is the tens digit of 9/3 + k + -3?
1
Let w(g) = 2*g**2 + 2*g - 1. Let o be w(-2). Suppose -y = l + 2, 0*y = 4*y - 2*l - 4. Suppose -x + y = -4*m + 6, 5*x - 16 = -o*m. What is the units digit of m?
2
Let z(c) = -c**3 + 5*c**2 + 5*c + 6. Let t be z(6). What is the units digit of -1 - (-12 + t)/2?
5
Let h(s) = s - 3. Let r(j) = -j**2 + 5*j + 3. Let z be r(4). Let n(d) = -d + 3. Let g(o) = z*h(o) + 6*n(o). What is the units digit of g(11)?
8
Let w(q) = -q. Let u be w(2). Let d = u + 2. What is the units digit of d + (-2)/(-2)*1?
1
Suppose 3*d = 2*d. Suppose -3*u + 20 + 4 = d. What is the units digit of u?
8
Suppose 0*j = -5*j + 25. Suppose 4*c + 0*c - 1 = -j*k, 0 = 3*k + 4*c + 1. What is the units digit of k?
1
Let l be 6/(-3) + 34 - -1. Suppose -3*d = -2*d - l. What is the tens digit of d?
3
Let k = 21 - 17. Suppose -k*p - 3 = -115. What is the tens digit of p?
2
Suppose -3*g - 6 = 0, 0*g = -5*l + 3*g + 21. Let r = -8 - -41. Suppose 0*t - 17 = -z + t, -l*t - r = -2*z. What is the tens digit of z?
1
Let q(y) = -4*y**3 + 2*y**2 + 2*y + 1. Let r be q(-1). Suppose -5*b + 4*w = -1 + 24, -2*w = r*b + 41. What is the units digit of (-2)/b - (-244)/28?
9
Let n(c) = -3 - 3*c + 0*c + 4*c + c. Let t be n(2). Suppose 0 = -4*m + 5*m - t. What is the units digit of m?
1
Let m be -5 + (-6)/(-4)*2. What is the units digit of (-124)/(-7) - m/7?
8
Let i(p) = -p - 3. Let k(g) = -g**2 - 4*g + 6. Let q be k(-5). Let z be (q*-3*2)/1. What is the units digit of i(z)?
3
Let o(p) = -p**2 + 16*p + 13. What is the tens digit of o(14)?
4
Let c = 0 + 3. What is the units digit of 4/(c/3) - 1?
3
Suppose 4*c = -3*h - 6, -2*h = c - 6*c - 19. Suppose h*d - 13 = -3*g + 12, -d - 4 = -4*g. What is the units digit of d?
8
Suppose 2 + 41 = 4*z + 3*d, 0 = -5*z - d + 62. Suppose -f = 4*f - m - 25, 2*m = 5*f - 25. Suppose 68 - z = f*x. What is the tens digit of x?
1
Let x(l) = -l**3 - 5*l**2 - 6. Let y be x(-5). Let s(d) = d**2 + 4*d - 8. What is the units digit of s(y)?
4
Let l be 2*2/(8/6). Let q(f) = f**3 - 3*f**2 - 4*f + 4. Let y be q(l). What is the units digit of (-2 - -1)*(y - -2)?
6
Let s(t) = -t**3 - 3*t**2 + 3*t - 1. Let j be s(-3). What is the units digit of 28/3 - j/15?
0
Let r = 5 - 2. What is the tens digit of ((-1)/r)/((-6)/846)?
4
Let d(h) = -2*h - 4. Suppose -25 = n - 4*p, p + 2*p = 2*n + 25. Let i be n + ((-5)/1 - -3). What is the units digit of d(i)?
0
Suppose 2*v = 8, -2*r - 24 = 5*v - 10*v. Let s be (r + 44)*(-12)/(-8). What is the units digit of (s/14)/(2/4)?
9
Let k = -14 - -19. Suppose -2*m = 2*h - 12, k*h - 2*m - 44 = -0*h. What is the units digit of h?
8
Let t(j) = -j**2 - j - 9. Let f be t(0). Let i = -8 + 6. Let s = i - f. What is the units digit of s?
7
Suppose -3*c = -4*c + 73. What is the tens digit of c?
7
Let i = -80 + 154. What is the tens digit of i?
7
Let c(o) = -o**2 + 2*o + 3*o**3 + 2*o - 2 - 3*o**2. Let s be 6*(-1)/(-6 + 3). What is the tens digit of c(s)?
1
Let s(l) be the third derivative of -l**6/120 - 3*l**5/20 - l**4/24 + l**3/3 - 5*l**2. What is the t